{"id":32,"date":"2025-05-30T18:08:31","date_gmt":"2025-05-30T18:08:31","guid":{"rendered":"https:\/\/ninnazaar.dk\/?page_id=32"},"modified":"2025-05-30T18:08:31","modified_gmt":"2025-05-30T18:08:31","slug":"familievejledning","status":"publish","type":"page","link":"https:\/\/ninnazaar.dk\/index.php\/familievejledning\/","title":{"rendered":"Familievejledning"},"content":{"rendered":"\n<p>Jeg tilbyder familievejledning til for\u00e6ldre og familier, der oplever udfordringer i hverdagen og \u00f8nsker st\u00f8tte til at skabe mere trivsel og sammenh\u00e6ng i familielivet. Vejledningen tager udgangspunkt i jeres konkrete situation og har fokus p\u00e5 at styrke relationer, kommunikation og samspil i familien.<\/p>\n\n\n\n<p>Familievejledningen kan v\u00e6re relevant ved:<\/p>\n\n\n\n<ul class=\"wp-block-list\">\n<li>Udfordringer i for\u00e6ldrerollen<\/li>\n\n\n\n<li>Bekymringer for barnets trivsel eller adf\u00e6rd<\/li>\n\n\n\n<li>Konflikter i hverdagen<\/li>\n\n\n\n<li>Overgange og forandringer i familien (fx skilsmisse, ny sammenbragt familie)<\/li>\n\n\n\n<li>Behov for st\u00f8tte til at forst\u00e5 og im\u00f8dekomme barnets behov<\/li>\n<\/ul>\n\n\n\n<p>Jeg arbejder ud fra en anerkendende og ressourcefokuseret tilgang, med inddragelse af b\u00e5de barnets og for\u00e6ldrenes perspektiver. M\u00e5let er at skabe trygge rammer for dialog, refleksion og forandring \u2013 til gavn for hele familien.<\/p>\n\n\n\n<p>Du er velkommen til at kontakte mig for en uforpligtende samtale om, hvordan jeg kan st\u00f8tte jer.<\/p>\n\n\n\n<p><\/p>\n","protected":false},"excerpt":{"rendered":"<p>Jeg tilbyder familievejledning til for\u00e6ldre og familier, der oplever udfordringer i hverdagen og \u00f8nsker st\u00f8tte til at skabe mere trivsel og sammenh\u00e6ng i familielivet. Vejledningen tager udgangspunkt i jeres konkrete situation og har fokus p\u00e5 at styrke relationer, kommunikation og samspil i familien. Familievejledningen kan v\u00e6re relevant ved: Jeg arbejder ud fra en anerkendende og &hellip; <\/p>\n<p class=\"link-more\"><a href=\"https:\/\/ninnazaar.dk\/index.php\/familievejledning\/\" class=\"more-link\">L\u00e6s videre<span class=\"screen-reader-text\"> &#8220;Familievejledning&#8221;<\/span><\/a><\/p>\n","protected":false},"author":1,"featured_media":0,"parent":0,"menu_order":0,"comment_status":"closed","ping_status":"closed","template":"","meta":{"footnotes":""},"class_list":["post-32","page","type-page","status-publish","hentry"],"_links":{"self":[{"href":"https:\/\/ninnazaar.dk\/index.php\/wp-json\/wp\/v2\/pages\/32","targetHints":{"allow":["GET"]}}],"collection":[{"href":"https:\/\/ninnazaar.dk\/index.php\/wp-json\/wp\/v2\/pages"}],"about":[{"href":"https:\/\/ninnazaar.dk\/index.php\/wp-json\/wp\/v2\/types\/page"}],"author":[{"embeddable":true,"href":"https:\/\/ninnazaar.dk\/index.php\/wp-json\/wp\/v2\/users\/1"}],"replies":[{"embeddable":true,"href":"https:\/\/ninnazaar.dk\/index.php\/wp-json\/wp\/v2\/comments?post=32"}],"version-history":[{"count":1,"href":"https:\/\/ninnazaar.dk\/index.php\/wp-json\/wp\/v2\/pages\/32\/revisions"}],"predecessor-version":[{"id":33,"href":"https:\/\/ninnazaar.dk\/index.php\/wp-json\/wp\/v2\/pages\/32\/revisions\/33"}],"wp:attachment":[{"href":"https:\/\/ninnazaar.dk\/index.php\/wp-json\/wp\/v2\/media?parent=32"}],"curies":[{"name":"wp","href":"https:\/\/api.w.org\/{rel}","templated":true}]}}