{"id":36,"date":"2025-05-30T18:10:26","date_gmt":"2025-05-30T18:10:26","guid":{"rendered":"https:\/\/ninnazaar.dk\/?page_id=36"},"modified":"2025-05-30T18:10:26","modified_gmt":"2025-05-30T18:10:26","slug":"emdr-behandling","status":"publish","type":"page","link":"https:\/\/ninnazaar.dk\/index.php\/emdr-behandling\/","title":{"rendered":"EMDR behandling"},"content":{"rendered":"\n<p>Jeg tilbyder EMDR-terapi (Eye Movement Desensitization and Reprocessing) til b\u00f8rn, unge og voksne, der har oplevet traumer eller andre belastende livsh\u00e6ndelser, som fortsat pr\u00e6ger dem i hverdagen.<\/p>\n\n\n\n<p>EMDR er en evidensbaseret terapiform, der anvendes til behandling af psykiske efterreaktioner p\u00e5 traumer, herunder PTSD, angst, sorg, lavt selvv\u00e6rd og f\u00f8lelsesm\u00e6ssige blokeringer. Metoden hj\u00e6lper hjernen med at bearbejde sv\u00e6re oplevelser, s\u00e5 de ikke l\u00e6ngere f\u00f8les overv\u00e6ldende eller styrende.<\/p>\n\n\n\n<p>I terapien arbejder vi med b\u00e5de kropslige og f\u00f8lelsesm\u00e6ssige reaktioner, negative tanker og indre billeder, og ved hj\u00e6lp af bl.a. guidede \u00f8jenbev\u00e6gelser eller anden bilateral stimulation st\u00f8ttes en naturlig bearbejdningsproces.<\/p>\n\n\n\n<p>EMDR-terapien tilpasses altid individuelt og tilbydes i trygge rammer med respekt for dit tempo og dine behov.<\/p>\n\n\n\n<p>Du er velkommen til at kontakte mig for en indledende samtale, hvor vi kan afklare, om EMDR kan v\u00e6re en relevant metode for dig<\/p>\n","protected":false},"excerpt":{"rendered":"<p>Jeg tilbyder EMDR-terapi (Eye Movement Desensitization and Reprocessing) til b\u00f8rn, unge og voksne, der har oplevet traumer eller andre belastende livsh\u00e6ndelser, som fortsat pr\u00e6ger dem i hverdagen. EMDR er en evidensbaseret terapiform, der anvendes til behandling af psykiske efterreaktioner p\u00e5 traumer, herunder PTSD, angst, sorg, lavt selvv\u00e6rd og f\u00f8lelsesm\u00e6ssige blokeringer. Metoden hj\u00e6lper hjernen med at &hellip; <\/p>\n<p class=\"link-more\"><a href=\"https:\/\/ninnazaar.dk\/index.php\/emdr-behandling\/\" class=\"more-link\">L\u00e6s videre<span class=\"screen-reader-text\"> &#8220;EMDR behandling&#8221;<\/span><\/a><\/p>\n","protected":false},"author":1,"featured_media":0,"parent":0,"menu_order":0,"comment_status":"closed","ping_status":"closed","template":"","meta":{"footnotes":""},"class_list":["post-36","page","type-page","status-publish","hentry"],"_links":{"self":[{"href":"https:\/\/ninnazaar.dk\/index.php\/wp-json\/wp\/v2\/pages\/36","targetHints":{"allow":["GET"]}}],"collection":[{"href":"https:\/\/ninnazaar.dk\/index.php\/wp-json\/wp\/v2\/pages"}],"about":[{"href":"https:\/\/ninnazaar.dk\/index.php\/wp-json\/wp\/v2\/types\/page"}],"author":[{"embeddable":true,"href":"https:\/\/ninnazaar.dk\/index.php\/wp-json\/wp\/v2\/users\/1"}],"replies":[{"embeddable":true,"href":"https:\/\/ninnazaar.dk\/index.php\/wp-json\/wp\/v2\/comments?post=36"}],"version-history":[{"count":1,"href":"https:\/\/ninnazaar.dk\/index.php\/wp-json\/wp\/v2\/pages\/36\/revisions"}],"predecessor-version":[{"id":37,"href":"https:\/\/ninnazaar.dk\/index.php\/wp-json\/wp\/v2\/pages\/36\/revisions\/37"}],"wp:attachment":[{"href":"https:\/\/ninnazaar.dk\/index.php\/wp-json\/wp\/v2\/media?parent=36"}],"curies":[{"name":"wp","href":"https:\/\/api.w.org\/{rel}","templated":true}]}}